when 1061822 is divided by 13.
8
What is the remainder when 326119 is divided by 54351?
13
What is the remainder when 15014044 is divided by 325?
19
What is the remainder when 1737069 is divided by 35?
19
What is the remainder when 292746 is divided by 3375?
2496
What is the remainder when 88759771 is divided by 59?
53
Calculate the remainder when 13778989 is divided by 1543.
1542
Calculate the remainder when 959283 is divided by 6708.
39
Calculate the remainder when 191528 is divided by 3363.
3200
What is the remainder when 1206222 is divided by 33?
6
Calculate the remainder when 1988394 is divided by 1398.
438
Calculate the remainder when 10225506 is divided by 2556226.
602
What is the remainder when 3293444 is divided by 241?
179
What is the remainder when 269200 is divided by 89701?
97
Calculate the remainder when 2662181 is divided by 380310.
11
Calculate the remainder when 7197525 is divided by 1114.
1085
Calculate the remainder when 282124 is divided by 114.
88
Calculate the remainder when 101094829 is divided by 4237.
9
What is the remainder when 73956 is divided by 385?
36
Calculate the remainder when 44257 is divided by 145.
32
Calculate the remainder when 13911693 is divided by 23.
5
What is the remainder when 461888 is divided by 57457?
2232
What is the remainder when 621505 is divided by 1070?
905
What is the remainder when 2473756 is divided by 1097?
21
What is the remainder when 878119 is divided by 109690?
599
What is the remainder when 572954 is divided by 73?
50
Calculate the remainder when 13359171 is divided by 5182.
5157
Calculate the remainder when 410648 is divided by 82112.
88
Calculate the remainder when 2088423 is divided by 695789.
1056
What is the remainder when 1402106 is divided by 93471?
41
What is the remainder when 4116352 is divided by 1029085?
12
What is the remainder when 630134 is divided by 4633?
46
Calculate the remainder when 17676536 is divided by 223.
218
What is the remainder when 107856 is divided by 1475?
181
What is the remainder when 54316 is divided by 7758?
10
What is the remainder when 99757 is divided by 16595?
187
Calculate the remainder when 367870 is divided by 183910.
50
What is the remainder when 24784122 is divided by 332?
322
What is the remainder when 479955 is divided by 159801?
552
Calculate the remainder when 39392444 is divided by 192.
188
Calculate the remainder when 1511874 is divided by 5140.
714
Calculate the remainder when 50939279 is divided by 1242421.
18
What is the remainder when 1412177 is divided by 2802?
2771
What is the remainder when 239389 is divided by 8057?
5736
Calculate the remainder when 110636 is divided by 2984.
228
What is the remainder when 851690 is divided by 4603?
135
What is the remainder when 18290218 is divided by 2002?
1948
Calculate the remainder when 590403889 is divided by 2690.
2689
What is the remainder when 35838 is divided by 1691?
327
Calculate the remainder when 733750 is divided by 22929.
22
Calculate the remainder when 27293731 is divided by 13646823.
85
Calculate the remainder when 2734966 is divided by 27.
1
What is the remainder when 34580383 is divided by 207?
205
What is the remainder when 14964860 is divided by 268?
8
What is the remainder when 6303650 is divided by 18166?
48
Calculate the remainder when 214434117 is divided by 43.
40
What is the remainder when 1266496 is divided by 55?
11
What is the remainder when 1002863 is divided by 91164?
59
What is the remainder when 6811712 is divided by 12?
8
What is the remainder when 341090045 is divided by 1089?
1088
Calculate the remainder when 421894 is divided by 140509.
367
Calculate the remainder when 2590360 is divided by 45421.
1363
Calculate the remainder when 74982855 is divided by 1338.
1335
Calculate the remainder when 122391232 is divided by 1094.
1076
What is the remainder when 110239 is divided by 192?
31
Calculate the remainder when 9989793 is divided by 459.
117
Calculate the remainder when 11667791 is divided by 3060.
11
Calculate the remainder when 839748 is divided by 26241.
36
Calculate the remainder when 23279560 is divided by 1939963.
4
Calculate the remainder when 1411760 is divided by 705827.
106
Calculate the remainder when 1298036 is divided by 271.
217
Calculate the remainder when 905647 is divided by 13516.
75
Calculate the remainder when 18080324 is divided by 478.
452
What is the remainder when 284912177 is divided by 20?
17
Calculate the remainder when 555526 is divided by 277758.
10
Calculate the remainder when 16329326 is divided by 709969.
39
What is the remainder when 98546281 is divided by 422?
419
What is the remainder when 11601879 is divided by 881?
871
Calculate the remainder when 2302398 is divided by 1906.
1856
What is the remainder when 326531 is divided by 14185?
276
Calculate the remainder when 20086 is divided by 4012.
26
What is the remainder when 1408171 is divided by 46?
19
Calculate the remainder when 6079598 is divided by 9.
8
Calculate the remainder when 104483561 is divided by 73.
48
What is the remainder when 73321819 is divided by 88?
43
Calculate the remainder when 946986 is divided by 18560.
426
Calculate the remainder when 144833901 is divided by 36.
33
What is the remainder when 46770 is divided by 266?
220
Calculate the remainder when 114200 is divided by 1156.
912
Calculate the remainder when 1022385 is divided by 5243.
0
What is the remainder when 75021 is divided by 424?
397
What is the remainder when 343198414 is divided by 373?
368
Calculate the remainder when 667148 is divided by 1438.
1354
Calculate the remainder when 12768597 is divided by 5132.
181
Calculate the remainder when 6510306 is divided by 507.
426
Calculate the remainder when 21311201 is divided by 606.
605
What is the remainder when 125289 is divided by 3792?
153
Calculate the remainder when 28708341 is divided by 12.
9
What is the remainder when 7128419 is divided by 909?
41
Calculate the remainder when 20996544 is divided by 2099654.
4
What is the remainder when 8304612 is divided by 4415?
4412
What is the remainder when 2849705 is divided by 1634?
9
What is the remainder when 771774 is divided by 266?
108
What is the remainder when 7362995 is divided by 101?
95
What is the remainder when 639279 is divided by 302?
247
Calculate the remainder when 1575643 is divided by 71619.
25
Calculate the remainder when 51776606 is divided by 1846.
1844
What is the remainder when 78971 is divided by 2927?
2869
Calculate the remainder when 68505478 is divided by 3699.
3697
What is the remainder when 277001 is divided by 55074?
1631
What is the remainder when 563343 is divided by 563330?
13
What is the remainder when 251867 is divided by 938?
483
What is the remainder when 158650 is divided by 1211?
9
Calculate the remainder when 741285 is divided by 3782.
13
What is the remainder when 70061 is divided by 23097?
770
Calculate the remainder when 487075 is divided by 1504.
1283
What is the remainder when 126061 is divided by 1465?
71
What is the remainder when 8032412 is divided by 336?
332
Calculate the remainder when 164760138 is divided by 39.
36
What is the remainder when 77260 is divided by 14862?
2950
Calculate the remainder when 16387 is divided by 399.
28
What is the remainder when 903339 is divided by 798?
3
What is the remainder when 9425038 is divided by 12?
10
What is the remainder when 123522 is divided by 17558?
616
Calculate the remainder when 301080 is divided by 5548.
1488
What is the remainder when 2807180 is divided by 4414?
4290
What is the remainder when 4209726 is divided by 8994?
534
What is the remainder when 15706973 is divided by 15706949?
24
Calculate the remainder when 141601 is divided by 314.
301
Calculate the remainder when 787008 is divided by 12297.
0
Calculate the remainder when 80480714 is divided by 80480712.
2
Calculate the remainder when 167947 is divided by 41469.
2071
What is the remainder when 18598 is divided by 524?
258
What is the remainder when 46978620 is divided by 978721?
12
What is the remainder when 141248795 is divided by 40?
35
Calculate the remainder when 15530991 is divided by 3517.
3436
Calculate the remainder when 1502916 is divided by 8.
4
Calculate the remainder when 5610550 is divided by 604.
598
Calculate the rem